{"id":9,"date":"2016-04-25T09:51:23","date_gmt":"2016-04-25T09:51:23","guid":{"rendered":"http:\/\/tridermis.hu\/wordpress\/?page_id=9"},"modified":"2019-05-15T11:33:56","modified_gmt":"2019-05-15T11:33:56","slug":"borsebeszet-anyajegyeltavolitas","status":"publish","type":"page","link":"https:\/\/tridermis.hu\/index.php\/borsebeszet-anyajegyeltavolitas\/","title":{"rendered":"B\u0151rseb\u00e9szet, anyajegyelt\u00e1vol\u00edt\u00e1s"},"content":{"rendered":"<p><img loading=\"lazy\" decoding=\"async\" class=\"alignright wp-image-308 size-medium\" src=\"https:\/\/tridermis.hu\/wordpress\/wp-content\/uploads\/2016\/04\/Anyajegy-iStock_000012476449Large-med-300x300.jpg\" width=\"300\" height=\"300\" srcset=\"https:\/\/tridermis.hu\/wp-content\/uploads\/2016\/04\/Anyajegy-iStock_000012476449Large-med-300x300.jpg 300w, https:\/\/tridermis.hu\/wp-content\/uploads\/2016\/04\/Anyajegy-iStock_000012476449Large-med-150x150.jpg 150w, https:\/\/tridermis.hu\/wp-content\/uploads\/2016\/04\/Anyajegy-iStock_000012476449Large-med-768x766.jpg 768w, https:\/\/tridermis.hu\/wp-content\/uploads\/2016\/04\/Anyajegy-iStock_000012476449Large-med.jpg 1000w\" sizes=\"auto, (max-width: 300px) 100vw, 300px\" \/><\/p>\n<p style=\"text-align: justify;\"><strong>B\u0151rgy\u00f3gy\u00e1szati mag\u00e1nrendel\u00e9s\u00fcnk\u00f6n az al\u00e1bbi b\u0151relv\u00e1ltoz\u00e1sok seb\u00e9szi kimetsz\u00e9s\u00e9re van lehet\u0151s\u00e9g:<\/strong><\/p>\n<ul style=\"text-align: justify;\">\n<li>pigment\u00e1lt anyajegy elt\u00e1vol\u00edt\u00e1s<\/li>\n<li>bazalioma, b\u0151rr\u00e1k, nem fest\u00e9kes eredet\u0171 eredet\u0171 b\u0151rdaganat elt\u00e1vol\u00edt\u00e1s<\/li>\n<li>b\u0151r alatti zs\u00edrdaganat (lipoma), b\u0151r alatti ciszta seb\u00e9szi megold\u00e1sa<\/li>\n<li>faggy\u00faciszta, atheroma seb\u00e9szi megold\u00e1sa<\/li>\n<\/ul>\n<p>&nbsp;<\/p>\n<p style=\"text-align: justify;\">Anyajegy \u00e9s egy\u00e9b b\u0151rn\u00f6ved\u00e9kek elt\u00e1vol\u00edt\u00e1sa el\u0151tt b\u0151rgy\u00f3gy\u00e1sz szakorvos dermatoszk\u00f3pos anyajegysz\u0171r\u00e9s sor\u00e1n, f\u00e1jdalommentesen a teljes testfelsz\u00ednt \u00e1tvizsg\u00e1lja. Meg\u00e1llap\u00edtja mely anyajegyek, b\u0151relv\u00e1ltoz\u00e1sok elt\u00e1vol\u00edt\u00e1s\u00e1ra van sz\u00fcks\u00e9g. A p\u00e1ciens sz\u00e1m\u00e1ra zavar\u00f3, kellemetlen helyen lev\u0151, a mechanikai irrit\u00e1ci\u00f3nak kitett anyajegy, b\u0151rn\u00f6ved\u00e9k kimetsz\u00e9s\u00e9re is van term\u00e9szetesen lehet\u0151s\u00e9g.<\/p>\n<p style=\"text-align: justify;\">A b\u0151rgy\u00f3gy\u00e1sz eld\u00f6nti, hogy az elt\u00e1vol\u00edt\u00e1sra sz\u00e1nt b\u0151relv\u00e1ltoz\u00e1s, anyajegy milyen m\u00f3dszerrel kezelhet\u0151 a legeredm\u00e9nyesebben. A k\u00fcl\u00f6nb\u00f6z\u0151 j\u00f3indulat\u00fa b\u0151rn\u00f6ved\u00e9kek eset\u00e9n elektroseb\u00e9szeti m\u00f3dszerrel, r\u00e1di\u00f3frekvenci\u00e1s kauterrel is nagyon sz\u00e9p eredm\u00e9nnyel kezelhet\u0151ek.<\/p>\n<p style=\"text-align: justify;\">A beavatkoz\u00e1s sor\u00e1n a b\u0151rt fert\u0151tlen\u00edtj\u00fck, az anyajegyeket, n\u00f6ved\u00e9keket helyi \u00e9rz\u00e9stelen\u00edt\u00e9sben t\u00e1vol\u00edtjuk el. A beavatkoz\u00e1s ut\u00e1n 2-3 h\u00e9tig zuhanyz\u00e1s aj\u00e1nlott. Seb\u00e9szeti elt\u00e1vol\u00edt\u00e1s ut\u00e1n varratszed\u00e9sre \u00e1ltal\u00e1ban 10-19 nap ut\u00e1n ker\u00fcl sor.<\/p>\n<p style=\"text-align: justify;\"><strong>Minden elt\u00e1vol\u00edtott fest\u00e9kes anyajegyet sz\u00f6vettani vizsg\u00e1latra k\u00fcld\u00fcnk!<\/strong><\/p>\n<p style=\"text-align: justify;\">Sokan eml\u00edtik, hogy az anyajegyeket nem szabad elt\u00e1vol\u00edtani, mert abb\u00f3l m\u00e9g baj sz\u00e1rmazhat. Ez\u00faton szeretn\u00e9m felh\u00edvni a p\u00e1ciensek figyelm\u00e9t, hogy az anyajegyek id\u0151ben t\u00f6rt\u00e9n\u0151 elt\u00e1vol\u00edt\u00e1s\u00e1val a bajt csak megel\u0151zni lehet.<\/p>\n<p style=\"text-align: justify;\">Emiatt fontos az \u00e9ves anyajegysz\u0171r\u00e9sen val\u00f3 r\u00e9szv\u00e9tel, k\u00fcl\u00f6n\u00f6sen a ny\u00e1ri napoz\u00e1s ut\u00e1n, illetve a f\u00e9nyv\u00e9delem!<\/p>\n","protected":false},"excerpt":{"rendered":"<p>B\u0151rgy\u00f3gy\u00e1szati mag\u00e1nrendel\u00e9s\u00fcnk\u00f6n az al\u00e1bbi b\u0151relv\u00e1ltoz\u00e1sok seb\u00e9szi kimetsz\u00e9s\u00e9re van lehet\u0151s\u00e9g: pigment\u00e1lt anyajegy elt\u00e1vol\u00edt\u00e1s bazalioma, b\u0151rr\u00e1k, nem fest\u00e9kes eredet\u0171 eredet\u0171 b\u0151rdaganat elt\u00e1vol\u00edt\u00e1s b\u0151r alatti zs\u00edrdaganat (lipoma), b\u0151r alatti ciszta seb\u00e9szi megold\u00e1sa faggy\u00faciszta, atheroma seb\u00e9szi megold\u00e1sa &nbsp; Anyajegy \u00e9s egy\u00e9b b\u0151rn\u00f6ved\u00e9kek elt\u00e1vol\u00edt\u00e1sa el\u0151tt b\u0151rgy\u00f3gy\u00e1sz szakorvos dermatoszk\u00f3pos anyajegysz\u0171r\u00e9s sor\u00e1n, f\u00e1jdalommentesen a teljes testfelsz\u00ednt \u00e1tvizsg\u00e1lja. Meg\u00e1llap\u00edtja mely anyajegyek, b\u0151relv\u00e1ltoz\u00e1sok elt\u00e1vol\u00edt\u00e1s\u00e1ra [&hellip;]<\/p>\n","protected":false},"author":1,"featured_media":0,"parent":0,"menu_order":0,"comment_status":"closed","ping_status":"closed","template":"","meta":{"footnotes":""},"class_list":["post-9","page","type-page","status-publish","czr-hentry"],"aioseo_notices":[],"_links":{"self":[{"href":"https:\/\/tridermis.hu\/index.php\/wp-json\/wp\/v2\/pages\/9","targetHints":{"allow":["GET"]}}],"collection":[{"href":"https:\/\/tridermis.hu\/index.php\/wp-json\/wp\/v2\/pages"}],"about":[{"href":"https:\/\/tridermis.hu\/index.php\/wp-json\/wp\/v2\/types\/page"}],"author":[{"embeddable":true,"href":"https:\/\/tridermis.hu\/index.php\/wp-json\/wp\/v2\/users\/1"}],"replies":[{"embeddable":true,"href":"https:\/\/tridermis.hu\/index.php\/wp-json\/wp\/v2\/comments?post=9"}],"version-history":[{"count":6,"href":"https:\/\/tridermis.hu\/index.php\/wp-json\/wp\/v2\/pages\/9\/revisions"}],"predecessor-version":[{"id":993,"href":"https:\/\/tridermis.hu\/index.php\/wp-json\/wp\/v2\/pages\/9\/revisions\/993"}],"wp:attachment":[{"href":"https:\/\/tridermis.hu\/index.php\/wp-json\/wp\/v2\/media?parent=9"}],"curies":[{"name":"wp","href":"https:\/\/api.w.org\/{rel}","templated":true}]}}

Bőrsebészet, anyajegyeltávolítás

<p><img loading="lazy" decoding="async" class="alignright wp-image-308 size-medium" src="https://tridermis.hu/wordpress/wp-content/uploads/2016/04/Anyajegy-iStock_000012476449Large-med-300x300.jpg" width="300" height="300" srcset="https://tridermis.hu/wp-content/uploads/2016/04/Anyajegy-iStock_000012476449Large-med-300x300.jpg 300w, https://tridermis.hu/wp-content/uploads/2016/04/Anyajegy-iStock_000012476449Large-med-150x150.jpg 150w, https://tridermis.hu/wp-content/uploads/2016/04/Anyajegy-iStock_000012476449Large-med-768x766.jpg 768w, https://tridermis.hu/wp-content/uploads/2016/04/Anyajegy-iStock_000012476449Large-med.jpg 1000w" sizes="auto, (max-width: 300px) 100vw, 300px" /></p>
<p style="text-align: justify;"><strong>Bőrgyógyászati magánrendelésünkön az alábbi bőrelváltozások sebészi kimetszésére van lehetőség:</strong></p>
<ul style="text-align: justify;">
<li>pigmentált anyajegy eltávolítás</li>
<li>bazalioma, bőrrák, nem festékes eredetű eredetű bőrdaganat eltávolítás</li>
<li>bőr alatti zsírdaganat (lipoma), bőr alatti ciszta sebészi megoldása</li>
<li>faggyúciszta, atheroma sebészi megoldása</li>
</ul>
<p>&nbsp;</p>
<p style="text-align: justify;">Anyajegy és egyéb bőrnövedékek eltávolítása előtt bőrgyógyász szakorvos dermatoszkópos anyajegyszűrés során, fájdalommentesen a teljes testfelszínt átvizsgálja. Megállapítja mely anyajegyek, bőrelváltozások eltávolítására van szükség. A páciens számára zavaró, kellemetlen helyen levő, a mechanikai irritációnak kitett anyajegy, bőrnövedék kimetszésére is van természetesen lehetőség.</p>
<p style="text-align: justify;">A bőrgyógyász eldönti, hogy az eltávolításra szánt bőrelváltozás, anyajegy milyen módszerrel kezelhető a legeredményesebben. A különböző jóindulatú bőrnövedékek esetén elektrosebészeti módszerrel, rádiófrekvenciás kauterrel is nagyon szép eredménnyel kezelhetőek.</p>
<p style="text-align: justify;">A beavatkozás során a bőrt fertőtlenítjük, az anyajegyeket, növedékeket helyi érzéstelenítésben távolítjuk el. A beavatkozás után 2-3 hétig zuhanyzás ajánlott. Sebészeti eltávolítás után varratszedésre általában 10-19 nap után kerül sor.</p>
<p style="text-align: justify;"><strong>Minden eltávolított festékes anyajegyet szövettani vizsgálatra küldünk!</strong></p>
<p style="text-align: justify;">Sokan említik, hogy az anyajegyeket nem szabad eltávolítani, mert abból még baj származhat. Ezúton szeretném felhívni a páciensek figyelmét, hogy az anyajegyek időben történő eltávolításával a bajt csak megelőzni lehet.</p>
<p style="text-align: justify;">Emiatt fontos az éves anyajegyszűrésen való részvétel, különösen a nyári napozás után, illetve a fényvédelem!</p>

<p>Bőrgyógyászati magánrendelésünkön az alábbi bőrelváltozások sebészi kimetszésére van lehetőség: pigmentált anyajegy eltávolítás bazalioma, bőrrák, nem festékes eredetű eredetű bőrdaganat eltávolítás bőr alatti zsírdaganat (lipoma), bőr alatti ciszta sebészi megoldása faggyúciszta, atheroma sebészi megoldása &nbsp; Anyajegy és egyéb bőrnövedékek eltávolítása előtt bőrgyógyász szakorvos dermatoszkópos anyajegyszűrés során, fájdalommentesen a teljes testfelszínt átvizsgálja. Megállapítja mely anyajegyek, bőrelváltozások eltávolítására [&hellip;]</p>
