{"id":898,"date":"2018-11-16T16:32:08","date_gmt":"2018-11-16T16:32:08","guid":{"rendered":"http:\/\/tridermis.hu\/?page_id=898"},"modified":"2018-11-16T16:32:08","modified_gmt":"2018-11-16T16:32:08","slug":"drakulaterapia-prp-kezeles","status":"publish","type":"page","link":"https:\/\/tridermis.hu\/index.php\/drakulaterapia-prp-kezeles\/","title":{"rendered":"Drakulater\u00e1pia, PRP kezel\u00e9s"},"content":{"rendered":"<p>Az elj\u00e1r\u00e1s t\u00f6bb n\u00e9ven is beker\u00fclt a k\u00f6ztudatba, melyek mindegyike az alkalmazott technik\u00e1val f\u00fcgg \u00f6ssze. Az egyik a\u00a0<strong>bior\u00e1nctalan\u00edt\u00e1s,<\/strong> hiszen a b\u0151r csod\u00e1latos regener\u00e1l\u00f3d\u00e1si k\u00e9pess\u00e9g\u00e9t haszn\u00e1ljuk fel mesters\u00e9ges vagy idegen anyag haszn\u00e1lata n\u00e9lk\u00fcl. A\u00a0<strong>PRP-ter\u00e1pia\u00a0<\/strong>elnevez\u00e9s az angol Platelet Rich Plasma, azaz v\u00e9rlemezk\u00e9kben gazdag plazma bet\u0171sz\u00f3b\u00f3l sz\u00e1rmazik, amely a bevatkoz\u00e1s forradami gondolat\u00e1n alapul. A saj\u00e1t v\u00e9r lev\u00e9tele ut\u00e1n, azt kicentrifug\u00e1ljuk. Az \u00edgy keletkezett tiszta sz\u00e9rum v\u00e9rlemezk\u00e9kben, term\u00e9szetes proteinekben, n\u00f6veked\u00e9si faktorokban, t\u00e1panyagban gazdag, amit befecskendez\u00fcnk a kezelni k\u00edv\u00e1nt b\u0151rter\u00fcletbe (arc, nyak, dekolt\u00e1zs, k\u00e9z- \u00e9s l\u00e1bfejek). Az elj\u00e1r\u00e1s folyamata miatt a bulv\u00e1rsajt\u00f3ban\u00a0<strong>Drakula\u00a0<\/strong>vagy<b> V\u00e1mp\u00edrsz\u00e9rum\u00a0<\/b>kezel\u00e9snek is eml\u00edtik.<\/p>\n<p>&nbsp;<\/p>\n<p>Ez az elj\u00e1r\u00e1s <strong>serkenti<\/strong> a b\u0151rt feszesen tart\u00f3 kollag\u00e9n rostoknak a <strong>regener\u00e1l\u00f3d\u00e1s\u00e1t<\/strong>, \u00edgy <strong>cs\u00f6kkenti a r\u00e1ncokat \u00e9s a hegeket, seg\u00edti a b\u0151r fiatalod\u00e1s\u00e1t, gyors\u00edtja a sebgy\u00f3gyul\u00e1st, a hajas fejb\u0151r\u00f6n a haj n\u00f6veked\u00e9s\u00e9t.<\/strong><\/p>\n","protected":false},"excerpt":{"rendered":"<p>Az elj\u00e1r\u00e1s t\u00f6bb n\u00e9ven is beker\u00fclt a k\u00f6ztudatba, melyek mindegyike az alkalmazott technik\u00e1val f\u00fcgg \u00f6ssze. Az egyik a\u00a0bior\u00e1nctalan\u00edt\u00e1s, hiszen a b\u0151r csod\u00e1latos regener\u00e1l\u00f3d\u00e1si k\u00e9pess\u00e9g\u00e9t haszn\u00e1ljuk fel mesters\u00e9ges vagy idegen anyag haszn\u00e1lata n\u00e9lk\u00fcl. A\u00a0PRP-ter\u00e1pia\u00a0elnevez\u00e9s az angol Platelet Rich Plasma, azaz v\u00e9rlemezk\u00e9kben gazdag plazma bet\u0171sz\u00f3b\u00f3l sz\u00e1rmazik, amely a bevatkoz\u00e1s forradami gondolat\u00e1n alapul. A saj\u00e1t v\u00e9r lev\u00e9tele ut\u00e1n, [&hellip;]<\/p>\n","protected":false},"author":1,"featured_media":0,"parent":0,"menu_order":0,"comment_status":"closed","ping_status":"closed","template":"","meta":{"footnotes":""},"class_list":["post-898","page","type-page","status-publish","czr-hentry"],"aioseo_notices":[],"_links":{"self":[{"href":"https:\/\/tridermis.hu\/index.php\/wp-json\/wp\/v2\/pages\/898","targetHints":{"allow":["GET"]}}],"collection":[{"href":"https:\/\/tridermis.hu\/index.php\/wp-json\/wp\/v2\/pages"}],"about":[{"href":"https:\/\/tridermis.hu\/index.php\/wp-json\/wp\/v2\/types\/page"}],"author":[{"embeddable":true,"href":"https:\/\/tridermis.hu\/index.php\/wp-json\/wp\/v2\/users\/1"}],"replies":[{"embeddable":true,"href":"https:\/\/tridermis.hu\/index.php\/wp-json\/wp\/v2\/comments?post=898"}],"version-history":[{"count":1,"href":"https:\/\/tridermis.hu\/index.php\/wp-json\/wp\/v2\/pages\/898\/revisions"}],"predecessor-version":[{"id":899,"href":"https:\/\/tridermis.hu\/index.php\/wp-json\/wp\/v2\/pages\/898\/revisions\/899"}],"wp:attachment":[{"href":"https:\/\/tridermis.hu\/index.php\/wp-json\/wp\/v2\/media?parent=898"}],"curies":[{"name":"wp","href":"https:\/\/api.w.org\/{rel}","templated":true}]}}