{"id":81,"date":"2016-04-26T09:23:56","date_gmt":"2016-04-26T09:23:56","guid":{"rendered":"http:\/\/tridermis.hu\/wordpress\/?page_id=81"},"modified":"2021-04-19T09:22:42","modified_gmt":"2021-04-19T09:22:42","slug":"egeszsegpenztarak","status":"publish","type":"page","link":"https:\/\/tridermis.hu\/index.php\/egeszsegpenztarak\/","title":{"rendered":"Eg\u00e9szs\u00e9gp\u00e9nzt\u00e1r"},"content":{"rendered":"<p style=\"text-align: justify;\"><strong>Rendel\u0151nk az al\u00e1bbi eg\u00e9szs\u00e9gp\u00e9nzt\u00e1rakkal van szerz\u0151d\u00e9ses kapcsolatban:<\/strong><\/p>\n<ul>\n<li style=\"text-align: justify;\">Vasutas Eg\u00e9szs\u00e9gp\u00e9nzt\u00e1r<\/li>\n<li style=\"text-align: justify;\">Dimenzi\u00f3 Eg\u00e9szs\u00e9gp\u00e9nzt\u00e1r<\/li>\n<li style=\"text-align: justify;\">Allianz Eg\u00e9szs\u00e9gp\u00e9nzt\u00e1r<\/li>\n<li style=\"text-align: justify;\">PREMIUM Eg\u00e9szs\u00e9gp\u00e9nzt\u00e1r<\/li>\n<li style=\"text-align: justify;\">Generali Eg\u00e9szs\u00e9gp\u00e9nzt\u00e1r<\/li>\n<li style=\"text-align: justify;\">MKB Eg\u00e9szs\u00e9gp\u00e9nzt\u00e1r<\/li>\n<li style=\"text-align: justify;\">Medicina Eg\u00e9szs\u00e9gp\u00e9nzt\u00e1r<\/li>\n<li style=\"text-align: justify;\">TEMPO Eg\u00e9szs\u00e9gp\u00e9nzt\u00e1r<\/li>\n<li style=\"text-align: justify;\">OTP Eg\u00e9szs\u00e9gp\u00e9nzt\u00e1r<\/li>\n<li style=\"text-align: justify;\">Patika Eg\u00e9szs\u00e9gp\u00e9nzt\u00e1r<\/li>\n<li style=\"text-align: justify;\">\u00daj Pill\u00e9r Eg\u00e9szs\u00e9gp\u00e9nzt\u00e1r<\/li>\n<li style=\"text-align: justify;\">Vitamin Eg\u00e9szs\u00e9gp\u00e9nzt\u00e1r<\/li>\n<\/ul>\n<p style=\"text-align: justify;\">Rendel\u0151nkben k\u00e1rty\u00e1s eg\u00e9szs\u00e9gp\u00e9nzt\u00e1ri fizet\u00e9sre nincs lehet\u0151s\u00e9g. Az ig\u00e9nybe vett szolg\u00e1ltat\u00e1sokr\u00f3l sz\u00e1ml\u00e1t tudunk ki\u00e1ll\u00edtani az Eg\u00e9szs\u00e9gp\u00e9nzt\u00e1r nev\u00e9re.<\/p>\n","protected":false},"excerpt":{"rendered":"<p>Rendel\u0151nk az al\u00e1bbi eg\u00e9szs\u00e9gp\u00e9nzt\u00e1rakkal van szerz\u0151d\u00e9ses kapcsolatban: Vasutas Eg\u00e9szs\u00e9gp\u00e9nzt\u00e1r Dimenzi\u00f3 Eg\u00e9szs\u00e9gp\u00e9nzt\u00e1r Allianz Eg\u00e9szs\u00e9gp\u00e9nzt\u00e1r PREMIUM Eg\u00e9szs\u00e9gp\u00e9nzt\u00e1r Generali Eg\u00e9szs\u00e9gp\u00e9nzt\u00e1r MKB Eg\u00e9szs\u00e9gp\u00e9nzt\u00e1r Medicina Eg\u00e9szs\u00e9gp\u00e9nzt\u00e1r TEMPO Eg\u00e9szs\u00e9gp\u00e9nzt\u00e1r OTP Eg\u00e9szs\u00e9gp\u00e9nzt\u00e1r Patika Eg\u00e9szs\u00e9gp\u00e9nzt\u00e1r \u00daj Pill\u00e9r Eg\u00e9szs\u00e9gp\u00e9nzt\u00e1r Vitamin Eg\u00e9szs\u00e9gp\u00e9nzt\u00e1r Rendel\u0151nkben k\u00e1rty\u00e1s eg\u00e9szs\u00e9gp\u00e9nzt\u00e1ri fizet\u00e9sre nincs lehet\u0151s\u00e9g. Az ig\u00e9nybe vett szolg\u00e1ltat\u00e1sokr\u00f3l sz\u00e1ml\u00e1t tudunk ki\u00e1ll\u00edtani az Eg\u00e9szs\u00e9gp\u00e9nzt\u00e1r nev\u00e9re.<\/p>\n","protected":false},"author":1,"featured_media":0,"parent":0,"menu_order":0,"comment_status":"closed","ping_status":"closed","template":"","meta":{"footnotes":""},"class_list":["post-81","page","type-page","status-publish","czr-hentry"],"aioseo_notices":[],"_links":{"self":[{"href":"https:\/\/tridermis.hu\/index.php\/wp-json\/wp\/v2\/pages\/81","targetHints":{"allow":["GET"]}}],"collection":[{"href":"https:\/\/tridermis.hu\/index.php\/wp-json\/wp\/v2\/pages"}],"about":[{"href":"https:\/\/tridermis.hu\/index.php\/wp-json\/wp\/v2\/types\/page"}],"author":[{"embeddable":true,"href":"https:\/\/tridermis.hu\/index.php\/wp-json\/wp\/v2\/users\/1"}],"replies":[{"embeddable":true,"href":"https:\/\/tridermis.hu\/index.php\/wp-json\/wp\/v2\/comments?post=81"}],"version-history":[{"count":22,"href":"https:\/\/tridermis.hu\/index.php\/wp-json\/wp\/v2\/pages\/81\/revisions"}],"predecessor-version":[{"id":1058,"href":"https:\/\/tridermis.hu\/index.php\/wp-json\/wp\/v2\/pages\/81\/revisions\/1058"}],"wp:attachment":[{"href":"https:\/\/tridermis.hu\/index.php\/wp-json\/wp\/v2\/media?parent=81"}],"curies":[{"name":"wp","href":"https:\/\/api.w.org\/{rel}","templated":true}]}}