{"id":67,"date":"2016-04-26T09:17:16","date_gmt":"2016-04-26T09:17:16","guid":{"rendered":"http:\/\/tridermis.hu\/wordpress\/?page_id=67"},"modified":"2026-01-26T18:49:56","modified_gmt":"2026-01-26T18:49:56","slug":"borgyogyaszati-arlista","status":"publish","type":"page","link":"https:\/\/tridermis.hu\/index.php\/borgyogyaszati-arlista\/","title":{"rendered":"B\u0151rgy\u00f3gy\u00e1szati \u00e1rlista"},"content":{"rendered":"<h4 style=\"text-align: center;\">\u00c1LTAL\u00c1NOS B\u0150RGY\u00d3GY\u00c1SZATI KEZEL\u00c9SEK \u00c1RA<\/h4>\n<table width=\"600\">\n<tbody>\n<tr>\n<td width=\"430\">Szakorvosi vizsg\u00e1lat, konzult\u00e1ci\u00f3<\/td>\n<td style=\"text-align: right;\" width=\"100\">32.000,-<\/td>\n<\/tr>\n<tr>\n<td width=\"430\">Anyajegysz\u0171r\u00e9s k\u00e9zi dermatoscoppal<\/td>\n<td style=\"text-align: right;\" width=\"100\">32.000,-<\/td>\n<\/tr>\n<tr>\n<td width=\"430\">Anyajegysz\u0171r\u00e9s k\u00e9zi dermatoscoppall \u00e9s egy\u00e9b b\u0151rgy\u00f3gy\u00e1szati panasz vizsg\u00e1lata<\/td>\n<td style=\"text-align: right;\" width=\"100\">\u00a035.000,-<\/td>\n<\/tr>\n<tr>\n<td width=\"430\">Kontrollvizsg\u00e1lat, amennyiben ugyanazzal a panasszal \u00e9rkezik hozz\u00e1nk 2 h\u00f3napon bel\u00fcl<\/td>\n<td style=\"text-align: right;\" width=\"100\">20.000,-<\/td>\n<\/tr>\n<\/tbody>\n<tbody>\n<tr>\n<td width=\"430\">Receptfel\u00edr\u00e1s, kontrollvizsg\u00e1lattal<\/td>\n<td style=\"text-align: right;\" width=\"100\">27.000,-<\/td>\n<\/tr>\n<\/tbody>\n<tbody>\n<tr>\n<td width=\"430\">Receptd\u00edj<\/td>\n<td style=\"text-align: right;\" width=\"100\">7.000,-<\/td>\n<\/tr>\n<\/tbody>\n<\/table>\n<h4>ANYAJEGYEK ELT\u00c1VOL\u00cdT\u00c1SA SEB\u00c9SZETI \u00daTON<\/h4>\n<table width=\"600\">\n<tbody>\n<tr>\n<td width=\"430\">1 db anyajegy elt\u00e1vol\u00edt\u00e1sa (az \u00e1r tartalmazza a sz\u00f6vettant, a k\u00f6t\u00e9scser\u00e9t \u00e9s a varratszed\u00e9s d\u00edj\u00e1t)<\/p>\n<p>1 db zs\u00edrdaganat, lip\u00f3ma, b\u0151r alatti csom\u00f3, faggy\u00facysta elt\u00e1vol\u00edt\u00e1sa seb\u00e9szeti \u00faton<\/td>\n<td style=\"text-align: right;\" width=\"100\">70.000,-<\/p>\n<p>75.000,-<\/td>\n<\/tr>\n<tr>\n<td width=\"400\">Sz\u00f6vettani vizsg\u00e1lat elt\u00e1vol\u00edtott mint\u00e1nk\u00e9nt<\/td>\n<td style=\"text-align: right;\" width=\"100\">17.000,-<\/td>\n<\/tr>\n<\/tbody>\n<\/table>\n<h4><strong>SZEM\u00d6LCS\u00d6K, FIBR\u00d3M\u00c1K, J\u00d3INDULAT\u00da B\u0150RF\u00dcGGEL\u00c9KEK\u00a0ELT\u00c1VOL\u00cdT\u00c1SA<\/strong><\/h4>\n<table width=\"600\">\n<tbody>\n<tr>\n<td width=\"430\">Vizsg\u00e1lati d\u00edj ( az els\u0151 4 db elt\u00e1vol\u00edt\u00e1st tartalmazza)<\/td>\n<td style=\"text-align: right;\" width=\"100\">32.000,-<\/td>\n<\/tr>\n<tr>\n<td width=\"400\">Az \u00f6t\u00f6dik\u00a0darabt\u00f3l, kedvezm\u00e9nyesen<\/td>\n<td style=\"text-align: right;\" width=\"100\">1.000,-\/db<\/td>\n<\/tr>\n<tr>\n<td width=\"400\">Talpi szem\u00f6lcs elt\u00e1vol\u00edt\u00e1sa (1 db)<\/td>\n<td style=\"text-align: right;\" width=\"100\">32.000,-<\/td>\n<\/tr>\n<\/tbody>\n<\/table>\n<p>TALPI SZEM\u00d6LCS, B\u0150RN\u00d6VED\u00c9K FAGYASZT\u00c1SA, VIZSG\u00c1LATTAL<\/p>\n<table width=\"600\">\n<tbody>\n<tr>\n<td width=\"430\">1-5 db<\/td>\n<td style=\"text-align: right;\" width=\"100\">35.000,-<\/td>\n<\/tr>\n<tr>\n<td width=\"400\">6-10 db<\/td>\n<td style=\"text-align: right;\" width=\"100\">50.000,-<\/td>\n<\/tr>\n<\/tbody>\n<\/table>\n<h4><strong>KELOIDOS HEGKEZEL\u00c9S<\/strong><\/h4>\n<table width=\"600\">\n<tbody>\n<tr>\n<td width=\"430\">Keloidos hegkezel\u00e9s alkalmank\u00e9nt<\/td>\n<td style=\"text-align: right;\" width=\"100\">33.000,-<\/td>\n<\/tr>\n<\/tbody>\n<\/table>\n<h4><b>KOLESZTERIN CSOM\u00d3K, XANTHELESMA ELT\u00c1VOL\u00cdT\u00c1SA SZEMH\u00c9JR\u00d3L<\/b><\/h4>\n<table width=\"600\">\n<tbody>\n<tr>\n<td width=\"430\">Koleszterin csom\u00f3k, Xanthelesma elt\u00e1vol\u00edt\u00e1sa szemh\u00e9jr\u00f3l<\/td>\n<td style=\"text-align: right;\" width=\"100\">51.000 ,&#8211;t\u0151l<\/td>\n<\/tr>\n<\/tbody>\n<\/table>\n<h4><strong>KIS \u00c9RT\u00c1GULATOK KEZEL\u00c9SE<\/strong><\/h4>\n<table width=\"600\">\n<tbody>\n<tr>\n<td width=\"430\">Kis \u00e9rt\u00e1gulatok elt\u00e1vol\u00edt\u00e1sa orr\u00f3l<\/td>\n<td style=\"text-align: right;\" width=\"100\">41.000-51.000 ,-<\/td>\n<\/tr>\n<tr>\n<td style=\"text-align: left;\" width=\"400\">Kis \u00e9rt\u00e1gulatok elt\u00e1vol\u00edt\u00e1sa arcr\u00f3l<\/td>\n<td style=\"text-align: right;\" width=\"100\">61.000-100.000 ,-<\/td>\n<\/tr>\n<\/tbody>\n<\/table>\n<h4><strong>LABORD\u00cdJAK, VIZITD\u00cdJON FEL\u00dcL<\/strong><\/h4>\n<table width=\"600\">\n<tbody>\n<tr>\n<td width=\"430\">Lakt\u00f3z\/Tejcukor \u00e9rz\u00e9kenys\u00e9g vizsg\u00e1lat<\/td>\n<td style=\"text-align: right;\" width=\"100\">20.000,-<\/td>\n<\/tr>\n<tr>\n<td width=\"430\">Bakt\u00e9rium teny\u00e9szt\u00e9s<\/td>\n<td style=\"text-align: right;\" width=\"100\">13.000,-<\/td>\n<\/tr>\n<tr>\n<td width=\"400\">Gomba teny\u00e9szt\u00e9s<\/td>\n<td style=\"text-align: right;\" width=\"100\">13.000,-<\/td>\n<\/tr>\n<tr>\n<td width=\"400\">Gomba teny\u00e9szt\u00e9s rezisztencia vizsg\u00e1lattal<\/td>\n<td style=\"text-align: right;\" width=\"100\">15.000,-<\/td>\n<\/tr>\n<tr>\n<td width=\"400\">K\u00f6r\u00f6mkapar\u00e9k gomba vizsg\u00e1lata<\/td>\n<td style=\"text-align: right;\" width=\"100\">25.000,-<\/td>\n<\/tr>\n<tr>\n<td width=\"430\">Coeliakia\/Glut\u00e9n \u00e9rz\u00e9kenys\u00e9g vizsg\u00e1lat<\/td>\n<td style=\"text-align: right;\" width=\"100\">42.000,-<\/td>\n<\/tr>\n<tr>\n<td width=\"430\">HPV sz\u0171r\u00e9s f\u00e9rfiaknak<\/td>\n<td style=\"text-align: right;\" width=\"100\">20.000,-<\/td>\n<\/tr>\n<\/tbody>\n<\/table>\n<h4><strong>ESZT\u00c9TIKAI\u00a0B\u0150RGY\u00d3GY\u00c1SZATI KEZEL\u00c9SEK\u00a0\u00c1RA\u00a0<\/strong><\/h4>\n<table width=\"600\">\n<tbody>\n<tr>\n<td width=\"430\">Konzult\u00e1ci\u00f3s d\u00edj<\/td>\n<td style=\"text-align: right;\" width=\"100\">32.000,-<\/td>\n<\/tr>\n<tr>\n<td width=\"400\">Finomsz\u00e1las arcfiatal\u00edt\u00e1s (FTC Therapy) &#8211; toka kezel\u00e9se<\/td>\n<td style=\"text-align: right;\" width=\"100\">200.000,-<\/td>\n<\/tr>\n<tr>\n<td width=\"400\">Finomsz\u00e1las arcfiatal\u00edt\u00e1s (FTC Therapy) &#8211; \u00a0nyak kezel\u00e9se<\/td>\n<td style=\"text-align: right;\" width=\"100\">250.000,-<\/td>\n<\/tr>\n<tr>\n<td width=\"400\">Finomsz\u00e1las arcfiatal\u00edt\u00e1s (FTC Therapy) &#8211; arc kezel\u00e9se<\/td>\n<td style=\"text-align: right;\" width=\"100\">300.000,-<\/td>\n<\/tr>\n<tr>\n<td width=\"400\">Fogazott sz\u00e1l kezel\u00e9s<\/td>\n<td style=\"text-align: right;\" width=\"100\">300.000,-<\/td>\n<\/tr>\n<tr>\n<td width=\"400\">Hyaluronsavas ajak-\u00e9s r\u00e1ncfelt\u00f6lt\u00e9s Teosyal sv\u00e1jci t\u00f6lt\u0151anyaggal(1 ampulla)<\/td>\n<td style=\"text-align: right;\" width=\"100\">110.000,-<\/td>\n<\/tr>\n<tr>\n<td width=\"400\">Orvosi Mesoter\u00e1pia Hyaluronsavval, Biorevitaliz\u00e1ci\u00f3, Hydrobalance ter\u00e1pia arc, nyak, dekolt\u00e1zs kezel\u00e9s\u00e9re(1 ampulla)<\/td>\n<td style=\"text-align: right;\" width=\"100\">70.000,-<\/td>\n<\/tr>\n<tr>\n<td width=\"400\">CO2 l\u00e9zeres arc -\u00e9s b\u0151rfiatal\u00edt\u00e1s (Konzult\u00e1ci\u00f3 Budapesten, A beavatkoz\u00e1st Dr.G\u00f3dor Ferenc Bal\u00e1zs f\u0151orvos \u00far v\u00e9gzi Dunakeszin,a Dr. G\u00f3dor Eg\u00e9szs\u00e9g\u00fcgyi \u00e9s Sz\u00e9p\u00e9szeti K\u00f6zpontban)<\/td>\n<td style=\"text-align: right;\" width=\"100\">110.000,-<\/td>\n<\/tr>\n<tr>\n<td width=\"400\">Drakulater\u00e1pia, PRP kezel\u00e9s<\/td>\n<td style=\"text-align: right;\" width=\"100\">100.000,-<\/td>\n<\/tr>\n<tr>\n<td width=\"400\">Botox kezel\u00e9s r\u00e9gi\u00f3nk\u00e9nt (szarkal\u00e1b, glabella, homlok)<\/td>\n<td style=\"text-align: right;\" width=\"100\">50.000,-<\/td>\n<\/tr>\n<tr>\n<td width=\"400\">H\u00f3nalj botox (fokozott izzad\u00e1s kezel\u00e9s\u00e9re)<\/td>\n<td style=\"text-align: right;\" width=\"100\">140.000,-<\/td>\n<\/tr>\n<tr>\n<td width=\"400\">ScarLet Mikrot\u0171s r\u00e1di\u00f3frekvenci\u00e1s arcfial\u00edt\u00e1s (Konzult\u00e1ci\u00f3 Budapesten, A beavatkoz\u00e1st Dr.G\u00f3dor Ferenc Bal\u00e1zs f\u0151orvos \u00far v\u00e9gzi Dunakeszin,a Dr. G\u00f3dor Eg\u00e9szs\u00e9g\u00fcgyi \u00e9s Sz\u00e9p\u00e9szeti K\u00f6zpontban)<\/td>\n<td style=\"text-align: right;\" width=\"100\">Teljes arc<br \/>\n110.000,-<br \/>\nSzem k\u00f6r\u00fcli \u00e9s homlok r\u00e9gi\u00f3<br \/>\n70.000,-<\/td>\n<\/tr>\n<\/tbody>\n<\/table>\n<p><em><strong>A felt\u00fcntetett \u00e1rak forintban \u00e9rtend\u0151k!<\/strong><\/em><\/p>\n<p><strong><em>Az eszt\u00e9tikai kezel\u00e9sek \u00e1ra t\u00e1j\u00e9koztat\u00f3 jelleg\u0171. Minden kedves vend\u00e9g\u00fcnk szem\u00e9lyre szabott kezel\u00e9si programtervet kap, azaz egy\u00e9nenk\u00e9nt v\u00e1ltoz\u00f3 a kezel\u00e9si program \u00e1ra.<\/em><\/strong><\/p>\n<p><strong><em>Felh\u00edvjuk kedves P\u00e1cienseink figyelm\u00e9t, hogy Rendel\u0151nk az orvosi vizsg\u00e1latokhoz befoglalt id\u0151pontokat az \u00d6n\u00f6k k\u00e9nyelme \u00e9rdek\u00e9ben kiemelten kezeli. Ez\u00e9rt tisztelettel k\u00e9rj\u00fck, hogy ha a foglalt vizsg\u00e1lati id\u0151pont b\u00e1rmilyen okb\u00f3l m\u00e9gsem megfelel\u0151, legk\u00e9s\u0151bb egy nappal (24 \u00f3ra) a befoglalt id\u0151pont el\u0151tt felt\u00e9tlen\u00fcl jelezz\u00e9k sz\u00e1mukra email-en vagy telefonon. (+36 30 998 0184, info@tridermis.hu)\u00a0<\/em><\/strong><\/p>\n","protected":false},"excerpt":{"rendered":"<p>\u00c1LTAL\u00c1NOS B\u0150RGY\u00d3GY\u00c1SZATI KEZEL\u00c9SEK \u00c1RA Szakorvosi vizsg\u00e1lat, konzult\u00e1ci\u00f3 32.000,- Anyajegysz\u0171r\u00e9s k\u00e9zi dermatoscoppal 32.000,- Anyajegysz\u0171r\u00e9s k\u00e9zi dermatoscoppall \u00e9s egy\u00e9b b\u0151rgy\u00f3gy\u00e1szati panasz vizsg\u00e1lata \u00a035.000,- Kontrollvizsg\u00e1lat, amennyiben ugyanazzal a panasszal \u00e9rkezik hozz\u00e1nk 2 h\u00f3napon bel\u00fcl 20.000,- Receptfel\u00edr\u00e1s, kontrollvizsg\u00e1lattal 27.000,- Receptd\u00edj 7.000,- ANYAJEGYEK ELT\u00c1VOL\u00cdT\u00c1SA SEB\u00c9SZETI \u00daTON 1 db anyajegy elt\u00e1vol\u00edt\u00e1sa (az \u00e1r tartalmazza a sz\u00f6vettant, a k\u00f6t\u00e9scser\u00e9t \u00e9s a varratszed\u00e9s [&hellip;]<\/p>\n","protected":false},"author":1,"featured_media":0,"parent":0,"menu_order":0,"comment_status":"closed","ping_status":"closed","template":"","meta":{"footnotes":""},"class_list":["post-67","page","type-page","status-publish","czr-hentry"],"aioseo_notices":[],"_links":{"self":[{"href":"https:\/\/tridermis.hu\/index.php\/wp-json\/wp\/v2\/pages\/67","targetHints":{"allow":["GET"]}}],"collection":[{"href":"https:\/\/tridermis.hu\/index.php\/wp-json\/wp\/v2\/pages"}],"about":[{"href":"https:\/\/tridermis.hu\/index.php\/wp-json\/wp\/v2\/types\/page"}],"author":[{"embeddable":true,"href":"https:\/\/tridermis.hu\/index.php\/wp-json\/wp\/v2\/users\/1"}],"replies":[{"embeddable":true,"href":"https:\/\/tridermis.hu\/index.php\/wp-json\/wp\/v2\/comments?post=67"}],"version-history":[{"count":137,"href":"https:\/\/tridermis.hu\/index.php\/wp-json\/wp\/v2\/pages\/67\/revisions"}],"predecessor-version":[{"id":1175,"href":"https:\/\/tridermis.hu\/index.php\/wp-json\/wp\/v2\/pages\/67\/revisions\/1175"}],"wp:attachment":[{"href":"https:\/\/tridermis.hu\/index.php\/wp-json\/wp\/v2\/media?parent=67"}],"curies":[{"name":"wp","href":"https:\/\/api.w.org\/{rel}","templated":true}]}}