{"id":33,"date":"2016-04-25T09:55:56","date_gmt":"2016-04-25T09:55:56","guid":{"rendered":"http:\/\/tridermis.hu\/wordpress\/?page_id=33"},"modified":"2016-04-27T13:18:36","modified_gmt":"2016-04-27T13:18:36","slug":"pikkelysomor","status":"publish","type":"page","link":"https:\/\/tridermis.hu\/index.php\/pikkelysomor\/","title":{"rendered":"Pikkelys\u00f6m\u00f6r"},"content":{"rendered":"<p style=\"text-align: justify;\"><strong>B\u0151rgy\u00f3gy\u00e1szati mag\u00e1nrendel\u00e9s\u00fcnk\u00f6n a pikkelys\u00f6m\u00f6r kezel\u00e9s\u00e9re is van lehet\u0151s\u00e9g!<\/strong><\/p>\n<p style=\"text-align: justify;\">A pikkelys\u00f6m\u00f6r, orvosi nyelven psoriasis, a b\u0151rt, k\u00f6rm\u00f6ket, nagyon ritk\u00e1n ny\u00e1lkah\u00e1rty\u00e1t \u00e9rint\u0151 b\u0151rbetegs\u00e9g. A b\u0151r\u00f6n foltszer\u0171 (plakk) fokozott elszarusod\u00e1st mutat\u00f3 elv\u00e1ltoz\u00e1sok jelennek meg az elszarusod\u00f3 sejteket termel\u0151 h\u00e1msejtek gyorsabb oszt\u00f3d\u00e1sa k\u00f6vetkezt\u00e9ben. Fontos hangs\u00falyozni, hogy a betegs\u00e9g nem fert\u0151z\u0151 \u00e9s a beteg k\u00f6rnyezet\u00e9re egy\u00e1ltal\u00e1n nem vesz\u00e9lyes.<\/p>\n<p style=\"text-align: justify;\">A pikkelys\u00f6m\u00f6r a leggyakoribb b\u0151rbetegs\u00e9g, el\u0151fordul\u00e1si gyakoris\u00e1ga 2-3 %. Kialakul\u00e1s\u00e1ban \u00f6r\u00f6kl\u00f6tt hajlam (polig\u00e9nes \u00f6r\u00f6kl\u0151d\u00e9s) mellett sz\u00e1mos el\u0151seg\u00edt\u0151, provok\u00e1l\u00f3 t\u00e9nyez\u0151t ismer\u00fcnk (a b\u0151rt \u00e9r\u0151 fizikai, k\u00e9miai traum\u00e1k, fert\u0151z\u00e9sek, kontakt allergi\u00e1t okoz\u00f3 anyagok, stressz, alkoholiz\u00e1l\u00e1s, egyes gy\u00f3gyszerek, bels\u0151 gyullad\u00e1sok, g\u00f3c, stb.) Fontos jellemz\u0151je, hogy csak a b\u0151rt \u00e9s f\u00fcggel\u00e9keit, ritk\u00e1bban az \u00edz\u00fcleteket beteg\u00edti meg.<\/p>\n<p style=\"text-align: justify;\">A psoriasis ma m\u00e9g v\u00e9glegesen nem gy\u00f3gy\u00edthat\u00f3, de t\u00fcnet-mentes\u00edthet\u0151. A t\u00fcnetmentes id\u0151szak hossza v\u00e1ltoz\u00f3, esetenk\u00e9nt t\u00f6bb \u00e9v is lehet. Sokf\u00e9le kezel\u00e9si m\u00f3d l\u00e9tezik.<\/p>\n<p style=\"text-align: justify;\">A b\u0151rgy\u00f3gy\u00e1sz \u2013 \u00e9rt\u00e9kelve a psoriasisos t\u00fcneteket, figyelembe v\u00e9ve a t\u00e1rsbetegs\u00e9geket, az \u00e9letkort, a beteg nem\u00e9t, \u00e9s m\u00e9g t\u00f6bb m\u00e1s szempontot is \u2013 v\u00e1lasztja meg a beteg sz\u00e1m\u00e1ra legkedvez\u0151bb, legeredm\u00e9nyesebb kezel\u00e9st. Kezel\u00e9s\u00e9ben az ut\u00f3bbi \u00e9vek jelent\u0151s v\u00e1ltoz\u00e1st hoztak, \u00e9s s\u00falyos esetben speci\u00e1lis biol\u00f3giai kezel\u00e9sekre is van m\u00f3d.<\/p>\n","protected":false},"excerpt":{"rendered":"<p>B\u0151rgy\u00f3gy\u00e1szati mag\u00e1nrendel\u00e9s\u00fcnk\u00f6n a pikkelys\u00f6m\u00f6r kezel\u00e9s\u00e9re is van lehet\u0151s\u00e9g! A pikkelys\u00f6m\u00f6r, orvosi nyelven psoriasis, a b\u0151rt, k\u00f6rm\u00f6ket, nagyon ritk\u00e1n ny\u00e1lkah\u00e1rty\u00e1t \u00e9rint\u0151 b\u0151rbetegs\u00e9g. A b\u0151r\u00f6n foltszer\u0171 (plakk) fokozott elszarusod\u00e1st mutat\u00f3 elv\u00e1ltoz\u00e1sok jelennek meg az elszarusod\u00f3 sejteket termel\u0151 h\u00e1msejtek gyorsabb oszt\u00f3d\u00e1sa k\u00f6vetkezt\u00e9ben. Fontos hangs\u00falyozni, hogy a betegs\u00e9g nem fert\u0151z\u0151 \u00e9s a beteg k\u00f6rnyezet\u00e9re egy\u00e1ltal\u00e1n nem vesz\u00e9lyes. A pikkelys\u00f6m\u00f6r [&hellip;]<\/p>\n","protected":false},"author":1,"featured_media":0,"parent":0,"menu_order":0,"comment_status":"closed","ping_status":"closed","template":"","meta":{"footnotes":""},"class_list":["post-33","page","type-page","status-publish","czr-hentry"],"aioseo_notices":[],"_links":{"self":[{"href":"https:\/\/tridermis.hu\/index.php\/wp-json\/wp\/v2\/pages\/33","targetHints":{"allow":["GET"]}}],"collection":[{"href":"https:\/\/tridermis.hu\/index.php\/wp-json\/wp\/v2\/pages"}],"about":[{"href":"https:\/\/tridermis.hu\/index.php\/wp-json\/wp\/v2\/types\/page"}],"author":[{"embeddable":true,"href":"https:\/\/tridermis.hu\/index.php\/wp-json\/wp\/v2\/users\/1"}],"replies":[{"embeddable":true,"href":"https:\/\/tridermis.hu\/index.php\/wp-json\/wp\/v2\/comments?post=33"}],"version-history":[{"count":2,"href":"https:\/\/tridermis.hu\/index.php\/wp-json\/wp\/v2\/pages\/33\/revisions"}],"predecessor-version":[{"id":144,"href":"https:\/\/tridermis.hu\/index.php\/wp-json\/wp\/v2\/pages\/33\/revisions\/144"}],"wp:attachment":[{"href":"https:\/\/tridermis.hu\/index.php\/wp-json\/wp\/v2\/media?parent=33"}],"curies":[{"name":"wp","href":"https:\/\/api.w.org\/{rel}","templated":true}]}}